lse
Is 25510009 a multiple of 7?
True
Does 417 divide 6396941094?
False
Is 1277 a factor of 59827450?
True
Is 366987232 a multiple of 570?
False
Is 521 a factor of 1491305298?
False
Is 7 a factor of 12629262?
False
Does 4 divide 109459530?
False
Is 100375661 a multiple of 80?
False
Does 9 divide 51665373?
True
Is 1175713506 a multiple of 33?
True
Is 4829 a factor of 506163029?
False
Is 128 a factor of 2167037184?
True
Is 207 a factor of 15631812?
True
Does 17 divide 361349569?
True
Is 19 a factor of 27457451?
True
Is 414 a factor of 588708?
True
Is 188145820 a multiple of 989?
False
Does 6412 divide 1418764004?
True
Is 2838 a factor of 131518596?
True
Is 4 a factor of 167006424?
True
Does 48 divide 103264952?
False
Is 8684308 a multiple of 24?
False
Is 12 a factor of 79380504?
True
Does 3 divide 80881179?
True
Is 3888 a factor of 361121732?
False
Is 42446664 a multiple of 2626?
True
Is 3573 a factor of 181682445?
False
Does 55 divide 395230830?
False
Does 6050 divide 1273258800?
True
Does 52 divide 205236720?
True
Does 1130 divide 4506440?
True
Is 637694273 a multiple of 31?
True
Does 56 divide 87410008?
True
Is 9 a factor of 16890964?
False
Does 12 divide 131934588?
True
Is 8 a factor of 171162042?
False
Is 1385 a factor of 3495667980?
True
Is 34 a factor of 58922610?
False
Is 2265522136 a multiple of 5032?
True
Is 1157715 a multiple of 117?
True
Is 1241 a factor of 163794180?
False
Does 5 divide 255711700?
True
Is 916328 a multiple of 8?
True
Is 575565600 a multiple of 1200?
True
Does 3 divide 34432643?
False
Is 143487831 a multiple of 2223?
False
Does 46 divide 46981841?
False
Does 1395 divide 24454395?
False
Is 2285 a factor of 213610878?
False
Is 11665642 a multiple of 757?
False
Is 821019914 a multiple of 253?
True
Is 321 a factor of 33486315?
False
Is 1273349 a multiple of 253?
True
Is 53839068 a multiple of 17?
True
Does 53 divide 1608499173?
True
Is 4584 a factor of 695723828?
False
Does 48 divide 7045632?
True
Does 23 divide 1309567?
False
Is 91 a factor of 14546441?
True
Is 124124384 a multiple of 16?
True
Does 675 divide 127132767?
False
Does 267 divide 335486301?
True
Is 30640640 a multiple of 1280?
True
Is 16188079 a multiple of 123?
False
Is 238 a factor of 4082375332?
False
Does 244 divide 20591255?
False
Is 820811410 a multiple of 10?
True
Is 118 a factor of 2372862?
True
Does 11958 divide 5992367487?
False
Is 26182166 a multiple of 1290?
False
Is 34 a factor of 55776903?
False
Does 49 divide 41674595?
False
Is 2 a factor of 1561336?
True
Is 14 a factor of 781889822?
True
Does 31 divide 556004468?
True
Is 754917499 a multiple of 33?
False
Does 36 divide 28551276?
True
Is 1280 a factor of 3294975626?
False
Is 29300410 a multiple of 497?
False
Is 26922190 a multiple of 46?
True
Is 32 a factor of 437434016?
True
Is 262 a factor of 1076007235?
False
Does 129 divide 639584102?
False
Does 24 divide 31432529?
False
Is 254 a factor of 1471659744?
True
Is 70 a factor of 57751645?
False
Does 2420 divide 282389800?
True
Is 177 a factor of 6270225?
True
Is 24108891 a multiple of 81?
False
Is 13 a factor of 31671347?
False
Is 1150301230 a multiple of 7334?
True
Is 245145537 a multiple of 2084?
False
Does 12 divide 115670100?
True
Does 178 divide 3492360?
True
Is 20 a factor of 34361968?
False
Does 960 divide 4191360?
True
Is 76 a factor of 55036236?
True
Is 116745179 a multiple of 448?
False
Is 17 a factor of 633881200?
False
Does 121 divide 51333638?
False
Is 12 a factor of 6301032?
True
Is 17829020 a multiple of 119?
False
Does 5423 divide 1069675904?
True
Does 60 divide 129020760?
True
Is 54 a factor of 11528277?
False
Does 63 divide 45674181?
True
Is 8390499 a multiple of 39?
True
Is 259 a factor of 507586232?
False
Is 80 a factor of 5381657?
False
Does 381 divide 761592330?
True
Is 2529 a factor of 2202589557?
True
Is 29084960 a multiple of 740?
True
Does 42 divide 44309051?
False
Is 40972234 a multiple of 114?
False
Is 293830076 a multiple of 1225?
False
Does 11 divide 1344585875?
False
Is 3775077 a multiple of 1360?
False
Does 10 divide 1651715087?
False
Is 4 a factor of 2242237?
False
Is 178 a factor of 17946850?
True
Is 4864 a factor of 504697297?
False
Is 2260 a factor of 66660960?
True
Is 133065482 a multiple of 23?
False
Is 787352796 a multiple of 36?
True
Is 999 a factor of 132585282?
True
Does 776 divide 86343968?
True
Is 25 a factor of 225498991?
False
Is 156441573 a multiple of 13?
False
Is 10346207 a multiple of 731?
False
Is 6517369 a multiple of 100?
False
Is 107446482 a multiple of 18?
True
Is 549065000 a multiple of 391?
False
Does 252 divide 82606608?
True
Is 213490587 a multiple of 72?
False
Is 69384784 a multiple of 18?
False
Is 246 a factor of 35496177?
False
Does 36 divide 579490776?
True
Does 25 divide 4064550?
True
Is 102700032 a multiple of 202?
True
Does 133 divide 799994?
False
Does 1331 divide 41743620?
False
Is 562 a factor of 47199232?
False
Is 3068 a factor of 798004010?
False
Does 2323 divide 9849520?
True
Is 26588840 a multiple of 3?
False
Is 328432458 a multiple of 383?
True
Is 16 a factor of 195466703?
False
Is 86708608 a multiple of 994?
True
Is 1072495473 a multiple of 2023?
True
Does 162 divide 4907015?
False
Is 741 a factor of 107107104?
True
Is 1612 a factor of 912723805?
False
Is 678 a factor of 376199114?
False
Does 111 divide 50832457?
False
Is 286 a factor of 36064026?
False
Does 1045 divide 42293240?
True
Is 5513 a factor of 214999985?
False
Does 616 divide 315438355?
False
Is 25 a factor of 1293651410?
False
Does 1337 divide 217631512?
True
Is 95 a factor of 252649416?
False
Is 39399316 a multiple of 38?
False
Is 522037729 a multiple of 166?
False
Is 23991975 a multiple of 35?
True
Is 66789940 a multiple of 95?
True
Does 3 divide 6287673?
True
Is 63486624 a multiple of 46?
True
Is 15 a factor of 4133170?
False
Does 18 divide 30476178?
True
Is 870635501 a multiple of 631?
True
Does 390 divide 4011540?
True
Is 28 a factor of 312608176?
False
Is 11 a factor of 1074290734?
True
Does 86 divide 1494106119?
False
Is 75325728 a multiple of 57?
True
Is 16 a factor of 97832192?
True
Is 496904536 a multiple of 122?
True
Does 13 divide 368132923?
False
Is 208611692 a multiple of 12?
False
Is 23730875 a multiple of 175?
True
Does 2322 divide 1425884472?
True
Is 170427328 a multiple of 4?
True
Is 2579 a factor of 119929682?
False
Is 6110 a factor of 348621360?
False
Is 804883963 a multiple of 169?
True
Is 111 a factor of 1572982904?
False
Does 222 divide 266289222?
True
Is 21 a factor of 3665691288?
True
Is 1274989426 a multiple of 1162?
False
Does 3317 divide 232875930?
False
Is 163241614 a multiple of 268?
False
Is 63 a factor of 891965151?
True
Is 52 a factor of 2305034?
False
Is 1733 a factor of 428059561?
False
Does 6 divide 16575961?
False
Is 114 a factor of 531256949?
False
Is 113 a factor of 1777502995?
True
Is 57910239 a multiple of 237?
True
Does 17 divide 24856006?
True
Does 338 divide 20594002?
True
Is 37 a factor of 21464673?
False
Does 24 divide 6049996?
False
Does 4 divide 1840304?
True
Is 1053 a factor of 1680767941?
False
Is 116857254 a multiple of 29?
False
Does 31 divide 69933205?
False
Is 13 a factor of 635276776?
False
Does 79 divide 28243685?
True
Is 76 a factor of 43152241?
False
Does 318 divide 67620792?
True
Does 4 divide 709031664?
True
Is 7 a factor of 48199385?
False
Does 81 divide 1229897601?
True
Is 264 a factor of 258650539?
False
Is 18 a factor of 87631668?
True
Does 417 divide 5511814373?
False
Is 655550979 a multiple of 149?
True
Does 4022 divide 47194148?
True
Is 81219677 a multiple of 11?
True
Is 77 a factor of 19562444?
False
Is 86928775 a multiple of 23?
False
Is 22 a factor of 671929831?
False
Is 3809800315 a multiple of 21?
False
Does 759 divide 66495598?
False
Does 13 divide 1182080380?
True
Is 212093901 a multiple of 259?
False
Does 11 divide 16694139?
True
Is 645 a factor of 136794180?
True
Does 39 divide 12590058?
True
Does 5031 divide 153329706?
False
Does 6710 divide 2398200970?
True
Is 45 a factor of 101953898?
False
Is 78 a factor of 8836308?
True
Is 16 a factor of 343481754?
False
Is 18 a factor of 296597214?
True
Does 56 divide 48222931?
False
Does 157 divide 5528755?
True
Is 295434898 a multiple of 4289?
True
Does 25 divide 1043791165?
False
Does 13